{"id":73,"date":"2025-10-27T16:06:53","date_gmt":"2025-10-27T15:06:53","guid":{"rendered":"https:\/\/sc1mxog4881.universe.wf\/?page_id=73"},"modified":"2026-01-18T15:35:27","modified_gmt":"2026-01-18T14:35:27","slug":"etats-de-choses","status":"publish","type":"page","link":"https:\/\/christinecoblentz.com\/?page_id=73","title":{"rendered":"\u00c9tats de choses"},"content":{"rendered":"\n\n\n\n\n\n\n\n<p style=\"text-align: center;\">CLIQUEZ SUR LES IMAGES !<br><br><\/p>\n\n\n\n\n\n\n\n\n\n<h1 class=\"has-text-align-center wp-block-post-title\" style=\"color: rgb(17, 17, 17); font-family: Cardo; font-size: 52.32px; margin-block: 1.2rem 0px; max-width: 620px; margin-left: auto !important; margin-right: auto !important;\"><span style=\"font-family: Inter, sans-serif; font-size: 16.8px;\">Inscription d&rsquo;un espace &#8211; 1981 CRAC Grenoble<\/span><\/h1>\n\n\n\n\n\n\n\n\n\n\n\n\n\n\n<p style=\"text-align: center;\">\nCoutur\u00e9criture &#8211; 1983 Galerie David Grenoble<\/p>\n\n\n\n\n\n\n\n\n\n\n\n\n\n\n<p style=\"text-align: center;\">\nDestruction de la cit\u00e9 Terray &#8211; 1983<\/p>\n\n\n\n\n\n\n\n\n\n\n\n\n\n\n<p style=\"text-align: center;\">\nEspaces non identifi\u00e9s &#8211; 1986 &#8211; Mairie de Grenoble<br>Mus\u00e9e des Ursulines \u00e0 M\u00e2con&nbsp;<\/p>\n\n\n\n\n\n\n\n\n\n\n\n\n\n\n<p style=\"text-align: center;\">Ikea &#8211; 1988 &#8211; s\u00e9rie de linogravures<\/p>\n\n\n\n\n\n\n\n\n\n\n\n\n\n\n<p style=\"text-align: center;\">Fort du Bruissin &#8211; 1985 Francheville le Haut<\/p>\n\n\n\n\n\n\n\n\n\n\n\n\n\n\n<p style=\"text-align: center;\">Etat de choses 1 &#8211; 1989 &#8211; Galerie Lydie Rekow Lyon<\/p>\n\n\n\n\n\n\n\n\n\n\n\n\n\n\n<p style=\"text-align: center;\">Estampages, variations &#8211; 1989<\/p><p style=\"text-align: center;\">Le th\u00e8me de la tortue<\/p>\n\n\n\n\n\n\n\n\n\n\n\n\n\n\n<p style=\"text-align: center;\">Etat de choses 2 &#8211; 1992 &#8211; Mus\u00e9e H\u00e9bert, Is\u00e8re<\/p>\n\n\n\n\n\n\n\n\n\n\n\n\n\n\n<p style=\"text-align: center;\">Fin d&rsquo;une histoire &#8211; Valis\u00e8re 1993 &#8211; Mus\u00e9e de la Viscose Echirolles<\/p><p style=\"text-align: center;\">Valis\u00e8re 1993-2004<\/p>\n\n\n\n\n\n\n\n\n\n\n\n\n\n\n<p style=\"text-align: center;\">Sabli\u00e8re de B\u00e9doin &#8211; 1993 &#8211; Galerie Lydie Rekow Crest<\/p>\n\n\n\n\n\n\n\n\n\n\n\n\n\n\n<p style=\"text-align: center;\">La Pyramide de Mazan &#8211; 1995<\/p>\n\n\n\n\n\n\n\n\n\n\n\n\n\n\n<p style=\"text-align: center;\">De la couleur de la grenade &#8211; 2002 &#8211; Galerie Larith Chamb\u00e9ry<\/p>\n\n\n\n\n\n\n\n\n\n\n\n\n\n\n<p style=\"text-align: center;\">Histoires de poussi\u00e8res &#8211; 2006 &#8211; Saint Vallier<\/p><p style=\"text-align: center;\">Poussi\u00e8res 1980-2010<\/p>\n\n\n\n\n\n\n\n\n\n\n\n\n\n\n<p style=\"text-align: center;\">\u00ab\u00a0d\u2019ici et d\u2019ailleurs\u00a0\u00bb &#8211; 2012 &#8211; Mairie de Claix<\/p>\n\n\n\n\n\n\n\n\n\n\n\n\n\n\n<p style=\"text-align: center;\">2 points en avant 1 point en arri\u00e8re &#8211; 2013 &#8211; Espace Aragon Villard Bonnot<\/p>\n\n\n\n\n\n\n\n\n\n\n\n\n\n\n<p style=\"text-align: center;\">PHOTOGRAPHISMES &#8211; 2015 &#8211; Galerie Digimag Grenoble<\/p>\n\n\n\n\n\n\n\n\n\n\n\n\n\n\n<p style=\"text-align: center;\">Nuages<\/p>\n\n\n\n\n\n\n\n\n\n\n\n\n\n\n<p style=\"text-align: center;\">Retour d&rsquo;\u00c9gypte<\/p>\n\n\n\n\n\n\n\n\n\n<p style=\"text-align: center;\">Ni queue ni t\u00eate &#8211; 2024 M\u00e9diath\u00e8que de Crolles<\/p>\n\n\n\n\n\n\n\n\n\n<p style=\"text-align: center;\">Photographie &#8211; La Grenade \u00e9clat\u00e9e &#8211; 2024&nbsp;<\/p>\n\n\n","protected":false},"excerpt":{"rendered":"","protected":false},"author":1,"featured_media":0,"parent":0,"menu_order":0,"comment_status":"closed","ping_status":"closed","template":"","meta":{"pagelayer_contact_templates":[],"_pagelayer_content":"","footnotes":""},"class_list":["post-73","page","type-page","status-publish","hentry"],"_links":{"self":[{"href":"https:\/\/christinecoblentz.com\/index.php?rest_route=\/wp\/v2\/pages\/73","targetHints":{"allow":["GET"]}}],"collection":[{"href":"https:\/\/christinecoblentz.com\/index.php?rest_route=\/wp\/v2\/pages"}],"about":[{"href":"https:\/\/christinecoblentz.com\/index.php?rest_route=\/wp\/v2\/types\/page"}],"author":[{"embeddable":true,"href":"https:\/\/christinecoblentz.com\/index.php?rest_route=\/wp\/v2\/users\/1"}],"replies":[{"embeddable":true,"href":"https:\/\/christinecoblentz.com\/index.php?rest_route=%2Fwp%2Fv2%2Fcomments&post=73"}],"version-history":[{"count":49,"href":"https:\/\/christinecoblentz.com\/index.php?rest_route=\/wp\/v2\/pages\/73\/revisions"}],"predecessor-version":[{"id":593,"href":"https:\/\/christinecoblentz.com\/index.php?rest_route=\/wp\/v2\/pages\/73\/revisions\/593"}],"wp:attachment":[{"href":"https:\/\/christinecoblentz.com\/index.php?rest_route=%2Fwp%2Fv2%2Fmedia&parent=73"}],"curies":[{"name":"wp","href":"https:\/\/api.w.org\/{rel}","templated":true}]}}

États de choses

<p style="text-align: center;">CLIQUEZ SUR LES IMAGES !<br><br></p>









<h1 class="has-text-align-center wp-block-post-title" style="color: rgb(17, 17, 17); font-family: Cardo; font-size: 52.32px; margin-block: 1.2rem 0px; max-width: 620px; margin-left: auto !important; margin-right: auto !important;"><span style="font-family: Inter, sans-serif; font-size: 16.8px;">Inscription d&rsquo;un espace &#8211; 1981 CRAC Grenoble</span></h1>














<p style="text-align: center;">
Couturécriture &#8211; 1983 Galerie David Grenoble</p>














<p style="text-align: center;">
Destruction de la cité Terray &#8211; 1983</p>














<p style="text-align: center;">
Espaces non identifiés &#8211; 1986 &#8211; Mairie de Grenoble<br>Musée des Ursulines à Mâcon&nbsp;</p>














<p style="text-align: center;">Ikea &#8211; 1988 &#8211; série de linogravures</p>














<p style="text-align: center;">Fort du Bruissin &#8211; 1985 Francheville le Haut</p>














<p style="text-align: center;">Etat de choses 1 &#8211; 1989 &#8211; Galerie Lydie Rekow Lyon</p>














<p style="text-align: center;">Estampages, variations &#8211; 1989</p><p style="text-align: center;">Le thème de la tortue</p>














<p style="text-align: center;">Etat de choses 2 &#8211; 1992 &#8211; Musée Hébert, Isère</p>














<p style="text-align: center;">Fin d&rsquo;une histoire &#8211; Valisère 1993 &#8211; Musée de la Viscose Echirolles</p><p style="text-align: center;">Valisère 1993-2004</p>














<p style="text-align: center;">Sablière de Bédoin &#8211; 1993 &#8211; Galerie Lydie Rekow Crest</p>














<p style="text-align: center;">La Pyramide de Mazan &#8211; 1995</p>














<p style="text-align: center;">De la couleur de la grenade &#8211; 2002 &#8211; Galerie Larith Chambéry</p>














<p style="text-align: center;">Histoires de poussières &#8211; 2006 &#8211; Saint Vallier</p><p style="text-align: center;">Poussières 1980-2010</p>














<p style="text-align: center;">« d’ici et d’ailleurs » &#8211; 2012 &#8211; Mairie de Claix</p>














<p style="text-align: center;">2 points en avant 1 point en arrière &#8211; 2013 &#8211; Espace Aragon Villard Bonnot</p>














<p style="text-align: center;">PHOTOGRAPHISMES &#8211; 2015 &#8211; Galerie Digimag Grenoble</p>














<p style="text-align: center;">Nuages</p>














<p style="text-align: center;">Retour d&rsquo;Égypte</p>









<p style="text-align: center;">Ni queue ni tête &#8211; 2024 Médiathèque de Crolles</p>









<p style="text-align: center;">Photographie &#8211; La Grenade éclatée &#8211; 2024&nbsp;</p>
