{"id":421,"date":"2025-11-07T13:58:39","date_gmt":"2025-11-07T12:58:39","guid":{"rendered":"https:\/\/sc1mxog4881.universe.wf\/?page_id=421"},"modified":"2025-11-16T16:55:44","modified_gmt":"2025-11-16T15:55:44","slug":"de-la-photographie","status":"publish","type":"page","link":"https:\/\/christinecoblentz.com\/?page_id=421","title":{"rendered":"De la photographie"},"content":{"rendered":"\n\n\n\n\n\n\n\n<p>La photographie est arriv\u00e9e insidieusement dans mon travail, il y a une vingtaine d&rsquo;ann\u00e9es environ..<br \/><br \/> Utilisation pratique d&rsquo;abord\u00a0: enregistrer des documents. Puis rapidement, pour ses infinies possibilit\u00e9s. Ce n&rsquo;est pas la technique qui m\u2019int\u00e9ressait, mais bien l\u2019ajustement des r\u00e9sultats \u00e0 l\u2019expression de mes obsessions. Jouer avec l&rsquo;al\u00e9atoire, conserver les \u00ab\u00a0d\u00e9fauts\u00a0\u00bb quand ils introduisaient une d\u00e9rive dans la lecture de l\u2019image, d\u00e9couvrir les correspondances avec l\u2019estampe dans le bain \u00ab\u00a0r\u00e9v\u00e9lateur\u00a0\u00bb et bien s\u00fbr jouer avec une vraie ou une fausse m\u00e9moire\u2026<br \/> Recr\u00e9er un autre univers s\u2019\u00e9loignant de la r\u00e9alit\u00e9&#8230;<br \/><br \/> 5 mai 2007<br \/> Christine COBLENTZ <br \/><br \/><\/p>\n<div class=\"txt\"><strong>ETATS DE LIEUX<\/strong><\/div>\n<p><br \/><br \/> 1980 &#8211; La rue Merci\u00e8re, Lyon<br \/> 1980 &#8211; Le parc Chazi\u00e8res, Lyon<br \/> 1980 &#8211; Inscription d\u2019un espace, Grenoble<br \/> 1985 &#8211; Le Magasin, Grenoble<br \/> 1993 &#8211; Les Carri\u00e8res de sable de B\u00e9douin, Vaucluse<br \/> 1993 &#8211; L\u2019usine Valis\u00e8re, Grenoble<br \/> 1995 &#8211; la Montagne de gypse de Mazan, Vaucluse<br \/> 2019 &#8211; La Grainetrie ROUX, Carpentras<br \/> 2020 &#8211; Le petit \u00e9tang des Bauches du 17 avril au 11 mai, Claix<br \/><br \/> <br \/><br \/><br \/><\/p>\n<div class=\"txt\"><strong>EXPOSITIONS : PHOTOGRAPHIES<\/strong><\/div>\n<p><br \/><br \/> 1981 &#8211; Le mois de la photo Alpexpo, Grenoble<br \/> 1981 &#8211; Figures en fa\u00e7ade ELAC, Lyon<br \/> 1993 &#8211; La carri\u00e8re de sable, galerie Lydie Rekow, Crest, Dr\u00f4me<br \/> 2007 &#8211; Le quartier St Bruno ann\u00e9es 80, biblioth\u00e8que, Grenoble<br \/> 2015 &#8211; Photographismes, studio Digimag, Grenoble, Is\u00e8re<br \/> 2018 &#8211; Mirare, photographies, galerie Ex-Nihilo Grenoble, Is\u00e8re<\/p>\n\n\n","protected":false},"excerpt":{"rendered":"","protected":false},"author":1,"featured_media":0,"parent":0,"menu_order":0,"comment_status":"closed","ping_status":"closed","template":"","meta":{"pagelayer_contact_templates":[],"_pagelayer_content":"","footnotes":""},"class_list":["post-421","page","type-page","status-publish","hentry"],"_links":{"self":[{"href":"https:\/\/christinecoblentz.com\/index.php?rest_route=\/wp\/v2\/pages\/421","targetHints":{"allow":["GET"]}}],"collection":[{"href":"https:\/\/christinecoblentz.com\/index.php?rest_route=\/wp\/v2\/pages"}],"about":[{"href":"https:\/\/christinecoblentz.com\/index.php?rest_route=\/wp\/v2\/types\/page"}],"author":[{"embeddable":true,"href":"https:\/\/christinecoblentz.com\/index.php?rest_route=\/wp\/v2\/users\/1"}],"replies":[{"embeddable":true,"href":"https:\/\/christinecoblentz.com\/index.php?rest_route=%2Fwp%2Fv2%2Fcomments&post=421"}],"version-history":[{"count":2,"href":"https:\/\/christinecoblentz.com\/index.php?rest_route=\/wp\/v2\/pages\/421\/revisions"}],"predecessor-version":[{"id":424,"href":"https:\/\/christinecoblentz.com\/index.php?rest_route=\/wp\/v2\/pages\/421\/revisions\/424"}],"wp:attachment":[{"href":"https:\/\/christinecoblentz.com\/index.php?rest_route=%2Fwp%2Fv2%2Fmedia&parent=421"}],"curies":[{"name":"wp","href":"https:\/\/api.w.org\/{rel}","templated":true}]}}

<p>La photographie est arrivée insidieusement dans mon travail, il y a une vingtaine d&rsquo;années environ..<br /><br /> Utilisation pratique d&rsquo;abord : enregistrer des documents. Puis rapidement, pour ses infinies possibilités. Ce n&rsquo;est pas la technique qui m’intéressait, mais bien l’ajustement des résultats à l’expression de mes obsessions. Jouer avec l&rsquo;aléatoire, conserver les « défauts » quand ils introduisaient une dérive dans la lecture de l’image, découvrir les correspondances avec l’estampe dans le bain « révélateur » et bien sûr jouer avec une vraie ou une fausse mémoire…<br /> Recréer un autre univers s’éloignant de la réalité&#8230;<br /><br /> 5 mai 2007<br /> Christine COBLENTZ <br /><br /></p>
<div class="txt"><strong>ETATS DE LIEUX</strong></div>
<p><br /><br /> 1980 &#8211; La rue Mercière, Lyon<br /> 1980 &#8211; Le parc Chazières, Lyon<br /> 1980 &#8211; Inscription d’un espace, Grenoble<br /> 1985 &#8211; Le Magasin, Grenoble<br /> 1993 &#8211; Les Carrières de sable de Bédouin, Vaucluse<br /> 1993 &#8211; L’usine Valisère, Grenoble<br /> 1995 &#8211; la Montagne de gypse de Mazan, Vaucluse<br /> 2019 &#8211; La Grainetrie ROUX, Carpentras<br /> 2020 &#8211; Le petit étang des Bauches du 17 avril au 11 mai, Claix<br /><br /> <br /><br /><br /></p>
<div class="txt"><strong>EXPOSITIONS : PHOTOGRAPHIES</strong></div>
<p><br /><br /> 1981 &#8211; Le mois de la photo Alpexpo, Grenoble<br /> 1981 &#8211; Figures en façade ELAC, Lyon<br /> 1993 &#8211; La carrière de sable, galerie Lydie Rekow, Crest, Drôme<br /> 2007 &#8211; Le quartier St Bruno années 80, bibliothèque, Grenoble<br /> 2015 &#8211; Photographismes, studio Digimag, Grenoble, Isère<br /> 2018 &#8211; Mirare, photographies, galerie Ex-Nihilo Grenoble, Isère</p>
